?
163
In base 5, what is 24 + 210?
234
In base 3, what is -21 + 1001101?
1001010
In base 6, what is -303 + 3?
-300
In base 15, what is -1 + -56a?
-56b
In base 7, what is 122 + -40?
52
In base 13, what is -4 + 1b7?
1b3
In base 7, what is 14 + 66?
113
In base 7, what is -14653 - 1?
-14654
In base 15, what is -16e + 0?
-16e
In base 16, what is -5 + 151?
14c
In base 11, what is 3 - -303?
306
In base 10, what is 1766 + 5?
1771
In base 2, what is 10100 - 10101?
-1
In base 2, what is 11 + 1010101?
1011000
In base 16, what is -34 - 1?
-35
In base 15, what is -265 - 1?
-266
In base 11, what is -535 + -21?
-556
In base 8, what is -270 + 4?
-264
In base 16, what is 11 - 2c?
-1b
In base 8, what is -153 + 3?
-150
In base 6, what is -4 - 554?
-1002
In base 14, what is 3bb0 + -4?
3baa
In base 8, what is -37 + 27?
-10
In base 8, what is 164 - 10?
154
In base 15, what is e - -36?
45
In base 2, what is -11010111110001 - -100?
-11010111101101
In base 16, what is 160 + -3?
15d
In base 4, what is 1312 + 20?
1332
In base 12, what is -4 - 196?
-19a
In base 10, what is 203 + 0?
203
In base 11, what is 3 - -152?
155
In base 8, what is 6 + -21?
-13
In base 8, what is 5 - -5003?
5010
In base 3, what is 0 + -2?
-2
In base 3, what is 0 - 1210222?
-1210222
In base 11, what is 57 - -a?
66
In base 8, what is 2 - 46?
-44
In base 8, what is 310 - -13?
323
In base 5, what is -20343 + 3?
-20340
In base 13, what is -10 - -46?
36
In base 5, what is -3 + -103?
-111
In base 5, what is 12 + 431?
443
In base 4, what is 333 + 13?
1012
In base 4, what is -13 + -101031?
-101110
In base 3, what is 1 + 21122?
21200
In base 3, what is -212 - 22021?
-100010
In base 13, what is -3 - 38?
-3b
In base 7, what is -1 + 1500?
1466
In base 15, what is -4a - 4?
-4e
In base 5, what is -31 + 2?
-24
In base 3, what is 102 - 201?
-22
In base 9, what is -2 - 1046?
-1048
In base 6, what is -2 + -2131?
-2133
In base 15, what is -6 - -16?
10
In base 2, what is 1001010 - 11?
1000111
In base 7, what is 260 + 136?
426
In base 14, what is 8c + 23?
b1
In base 12, what is 6a - 2?
68
In base 11, what is -5 + 473?
469
In base 14, what is 0 - -3d?
3d
In base 12, what is 13 - -89?
a0
In base 12, what is -115 - 2?
-117
In base 6, what is -53 + -34?
-131
In base 6, what is -44 - 13?
-101
In base 4, what is -102 - -1?
-101
In base 4, what is 132230 - -11?
132301
In base 3, what is 101110221 + -10?
101110211
In base 3, what is -222220 + -11?
-1000001
In base 6, what is -5 - -3351?
3342
In base 16, what is -5 - -8f?
8a
In base 4, what is -110131 + 3?
-110122
In base 11, what is -59 + -15?
-73
In base 7, what is 1 - 1040?
-1036
In base 6, what is -2224 - 3?
-2231
In base 5, what is 22 - -203?
230
In base 6, what is 202 + -3?
155
In base 11, what is 24 - 9a?
-76
In base 13, what is 1 + 442?
443
In base 3, what is 201002101 + 12?
201002120
In base 3, what is -1112 + 12?
-1100
In base 3, what is 22 - -2?
101
In base 15, what is 4 + 3?
7
In base 9, what is 121 + 20?
141
In base 15, what is 5 - -1a8?
1ad
In base 13, what is -2 + 90?
8b
In base 2, what is 100001 - 1?
100000
In base 5, what is 10 - 230142?
-230132
In base 16, what is 63 - 6?
5d
In base 3, what is 0 - -201?
201
In base 7, what is 1 - 352?
-351
In base 9, what is 45 - 63?
-17
In base 6, what is 0 - -1014?
1014
In base 5, what is 10 - -122?
132
In base 5, what is -4 + -300?
-304
In base 4, what is 1010200 - -3?
1010203
In base 2, what is -1011 - -110?
-101
In base 4, what is 1 - -1031022?
1031023
In base 2, what is 10100 + 100?
11000
In base 13, what is 8 - 1?
7
In base 4, what is 0 - -22021?
22021
In base 6, what is -515 - 4?
-523
In base 11, what is -662 + -3?
-665
In base 9, what is -275 + 5?
-270
In base 4, what is -11010 + 111?
-10233
In base 15, what is 2 - -b?
d
In base 4, what is 1003013 + -11?
1003002
In base 2, what is 1000 + 10000000?
10001000
In base 4, what is 300133 + -2?
300131
In base 9, what is -235 - -4?
-231
In base 5, what is -10232 - 0?
-10232
In base 2, what is -1100011010101 - 1?
-1100011010110
In base 6, what is 20001 + 3?
20004
In base 12, what is -a + 18?
a
In base 8, what is -3 + 3763?
3760
In base 11, what is 209 - 1?
208
In base 6, what is 2 - -1510?
1512
In base 16, what is -205 - -5?
-200
In base 15, what is -69dc + -3?
-69e0
In base 7, what is -6 + -362?
-401
In base 6, what is 2232 + 0?
2232
In base 10, what is -179 + 3?
-176
In base 13, what is -3 - -b?
8
In base 10, what is -17 - 113?
-130
In base 6, what is -502 - 1?
-503
In base 5, what is 41 + 4320?
4411
In base 11, what is 111 - 1?
110
In base 4, what is 3 - 2003?
-2000
In base 4, what is -1110123 + -1?
-1110130
In base 9, what is 15 + -516?
-501
In base 6, what is -4 + 15?
11
In base 16, what is -1 - 1e?
-1f
In base 11, what is 1 + -11?
-10
In base 7, what is -3246 + 5?
-3241
In base 8, what is -6071 - -2?
-6067
In base 3, what is -1102 - -10?
-1022
In base 16, what is -48 - -2b?
-1d
In base 3, what is -10202 - 12?
-10221
In base 15, what is -3b + -21?
-5c
In base 13, what is c - 12b?
-11c
In base 7, what is 533 - -3?
536
In base 7, what is 4 - 241?
-234
In base 13, what is -24 - -10?
-14
In base 11, what is 2 + -2947?
-2945
In base 11, what is -4286 - 3?
-4289
In base 11, what is -1 - 48?
-49
In base 7, what is -6 + -60?
-66
In base 10, what is -27 + 5?
-22
In base 2, what is 10000100001101 + 0?
10000100001101
In base 2, what is -1011011 + -11011?
-1110110
In base 16, what is 0 - 51?
-51
In base 14, what is 0 - -30?
30
In base 4, what is -232 - -10?
-222
In base 3, what is -101012100 - 1?
-101012101
In base 15, what is -1 - -1864?
1863
In base 16, what is 2 + -53?
-51
In base 7, what is -20 + -6?
-26
In base 9, what is -4 - -206?
202
In base 16, what is 1 + 30?
31
In base 10, what is 5 - -48?
53
In base 16, what is 5 - -484?
489
In base 4, what is 223102 - -1?
223103
In base 10, what is -169 + 9?
-160
In base 16, what is -2 + 56a?
568
In base 9, what is 14 + 6?
21
In base 2, what is 1001001 + -1001001?
0
In base 13, what is 29 + -1?
28
In base 2, what is -1110111101 + 100?
-1110111001
In base 5, what is -421 + 30?
-341
In base 14, what is 3 - -69?
6c
In base 13, what is 12246 - 4?
12242
In base 16, what is -3 - af5?
-af8
In base 6, what is 252 - 0?
252
In base 2, what is -100 - -11011?
10111
In base 9, what is 137 - -1?
138
In base 2, what is -10011100 + 0?
-10011100
In base 9, what is 2 - -3006?
3008
In base 5, what is -4 + 1002?
443
In base 13, what is -1b - 41?
-5c
In base 5, what is -11322 - 12?
-11334
In base 16, what is -2b + -8?
-33
In base 14, what is 0 - 684?
-684
In base 6, what is -1 + -10?
-11
In base 4, what is -20012 + 0?
-20012
In base 6, what is -2 + 324?
322
In base 16, what is -1 - -2e?
2d
In base 2, what is -11 - 10010101?
-10011000
In base 13, what is 23 + -12?
11
In base 11, what is 4 + -1518?
-1514
In base 11, what is -4 - -49?
45
In base 13, what is -135 - -2?
-133
In base 12, what is -3 + -129?
-130
In base 11, what is -5 - -224?
21a
In base 14, what is 0 + -375?
-375
In base 3, what is -102 - -10211?
10102
In base 13, what is -15 - -98?
83
In base 14, what is 2 - 10c?
-10a
In base 12, what is -5 + 2a3?
29a
In base 10, what is 27 + -14?
13
In base 16, what is 5d6 + -2?
5d4
In base 8, what is 2 - 102?
-100
In base 7, what is 6623 - 5?
6615
In base 12, what is -11 + 9?
-4
In base 14, what is -1bb + 4?
-1b7
In base 2, what is -1 - -1000011?
1000010
In base 15, what is 4 + -116?
-112
In base 8, what is 4 - -6661?
6665
In base 2, what is 1 - -100011?
100100
In base 11, what is -2 + -325?
-327
In base 2, what is -10 + -10101110100?
-10101110110
In base 8, what is -62616 - -4?
-62612
In base 5, what is -12212 - 0?
-12212
In base 3, what is -2202 - -120021?
110112
In base 8, what is 20 - -67?
107
In base 7, what is 61 + 65?
156
In base 3, what is -1022 + 11?
-1011
In base 7, what is -611 - -12?
-566
In base 16, what is 6e7 - -5?
6ec
In base 6, what is 1434 - -15?
1453
In base 7, what is 15 - 1003?
-655
In base 9, what is -110618 - 3?
-110622
In base 13, what is -276 - 0?
-276
In base 12, what is -108 - -5?
-103
In base 8, what is -4 - -1676?
1672
In base 7, what is -66 + 165?
66
In base 9, what is -170 + -6?
-176
In base 2, what is 1001100011 - 100000?
1001000011
In base 2, what is 100001 - 111?
11010
In base 11, what is -271a - 5?
-2724
In base 12, what i